{"id":3666,"date":"2025-09-14T08:38:13","date_gmt":"2025-09-14T08:38:13","guid":{"rendered":"https:\/\/tesmay.com.tr\/?post_type=product&#038;p=3666"},"modified":"2025-09-15T15:56:01","modified_gmt":"2025-09-15T15:56:01","slug":"bone","status":"publish","type":"product","link":"https:\/\/tesmay.com.tr\/?product=bone","title":{"rendered":"Bone"},"content":{"rendered":"<p>Suya dayan\u0131kl\u0131 kuma\u015f, h\u0131zl\u0131 kuruyan, su tutmayan ve hafif kaliteli kuma\u015flardan \u00fcretilmi\u015ftir.<br \/>\nEsnek kuma\u015f yap\u0131s\u0131 sayesinde y\u00fczme, y\u00fcr\u00fcme veya plajda aktivitelerinde konfor sa\u011flar.<br \/>\nSpor tarz, klasik d\u00fcz renk, desenli veya modern tasar\u0131m<br \/>\nTuzlu suya ve klora dayan\u0131kl\u0131 \u00f6zel kuma\u015flarla \u00fcretilir.<\/p>\n","protected":false},"excerpt":{"rendered":"<p>Bone Modelleri<\/p>\n","protected":false},"featured_media":3668,"comment_status":"open","ping_status":"closed","template":"","meta":{"om_disable_all_campaigns":false,"_monsterinsights_skip_tracking":false,"_monsterinsights_sitenote_active":false,"_monsterinsights_sitenote_note":"","_monsterinsights_sitenote_category":0},"product_brand":[],"product_cat":[220],"product_tag":[],"class_list":{"0":"post-3666","1":"product","2":"type-product","3":"status-publish","4":"has-post-thumbnail","6":"product_cat-bone","7":"pa_model-b20","8":"pa_model-b21","9":"pa_renk-k-lacivert","10":"pa_renk-siyah","12":"first","13":"instock","14":"sale","15":"taxable","16":"shipping-taxable","17":"purchasable","18":"product-type-variable"},"_links":{"self":[{"href":"https:\/\/tesmay.com.tr\/index.php?rest_route=\/wp\/v2\/product\/3666","targetHints":{"allow":["GET"]}}],"collection":[{"href":"https:\/\/tesmay.com.tr\/index.php?rest_route=\/wp\/v2\/product"}],"about":[{"href":"https:\/\/tesmay.com.tr\/index.php?rest_route=\/wp\/v2\/types\/product"}],"replies":[{"embeddable":true,"href":"https:\/\/tesmay.com.tr\/index.php?rest_route=%2Fwp%2Fv2%2Fcomments&post=3666"}],"wp:featuredmedia":[{"embeddable":true,"href":"https:\/\/tesmay.com.tr\/index.php?rest_route=\/wp\/v2\/media\/3668"}],"wp:attachment":[{"href":"https:\/\/tesmay.com.tr\/index.php?rest_route=%2Fwp%2Fv2%2Fmedia&parent=3666"}],"wp:term":[{"taxonomy":"product_brand","embeddable":true,"href":"https:\/\/tesmay.com.tr\/index.php?rest_route=%2Fwp%2Fv2%2Fproduct_brand&post=3666"},{"taxonomy":"product_cat","embeddable":true,"href":"https:\/\/tesmay.com.tr\/index.php?rest_route=%2Fwp%2Fv2%2Fproduct_cat&post=3666"},{"taxonomy":"product_tag","embeddable":true,"href":"https:\/\/tesmay.com.tr\/index.php?rest_route=%2Fwp%2Fv2%2Fproduct_tag&post=3666"}],"curies":[{"name":"wp","href":"https:\/\/api.w.org\/{rel}","templated":true}]}}